{"id":192,"date":"2021-05-12T09:14:14","date_gmt":"2021-05-12T06:14:14","guid":{"rendered":"https:\/\/codeless.co\/regn\/conference\/?page_id=6"},"modified":"2021-09-02T15:02:39","modified_gmt":"2021-09-02T12:02:39","slug":"anasayfa","status":"publish","type":"page","link":"https:\/\/icnas2021.atauni.edu.tr\/index.php\/tr\/anasayfa\/","title":{"rendered":"Anasayfa"},"content":{"rendered":"<p>[vc_row full_width=&#8221;stretch_row&#8221; equal_height=&#8221;yes&#8221; content_placement=&#8221;middle&#8221; shape_top_height=&#8221;300px&#8221; shape_bottom_style=&#8221;wave_thin&#8221; css=&#8221;.vc_custom_1623097068646{padding-top: 210px !important;padding-bottom: 230px !important;background: #180250 url(https:\/\/icnas2021.atauni.edu.tr\/wp-content\/uploads\/2019\/09\/conferencebg-1.jpg?id=221) !important;background-position: center !important;background-repeat: no-repeat !important;background-size: cover !important;}&#8221;][vc_column width=&#8221;1\/2&#8243;][vc_custom_heading use_theme_fonts=&#8221;&#8221; responsive_font_size=&#8221;40px&#8221; responsive_line_height=&#8221;40px&#8221; text=&#8221;1st INTERNATIONAL<br \/>\nCONGRESS<br \/>\nON NATURAL SCIENCES<br \/>\nATAT\u00dcRK UNIVERSITY,<br \/>\nERZURUM, TURKEY&#8221; font_container=&#8221;tag:h2|font_size:50px|text_align:left|color:%23ffffff|line_height:55px&#8221; google_fonts=&#8221;font_family:Montserrat%3Aregular%2C700|font_style:700%20bold%20regular%3A700%3Anormal&#8221;][vc_column_text]<a style=\"color: #fff; font-size: 24px;\" href=\"mailto:icnas@atauni.edu.tr\">icnas@atauni.edu.tr<\/a>[\/vc_column_text][\/vc_column][vc_column width=&#8221;1\/2&#8243; css=&#8221;.vc_custom_1570269262471{padding-bottom: 75px !important;padding-left: 80px !important;}&#8221; offset=&#8221;vc_hidden-sm vc_hidden-xs&#8221;][vc_custom_heading use_theme_fonts=&#8221;&#8221; text=&#8221;ICNAS-2021&#8243; font_container=&#8221;tag:h2|font_size:30px|text_align:center|color:%23ffffff|line_height:30px&#8221; google_fonts=&#8221;font_family:Anonymous%20Pro%3Aregular%2Citalic%2C700%2C700italic|font_style:700%20bold%20regular%3A700%3Anormal&#8221; css=&#8221;.vc_custom_1623133381432{margin-bottom: 0px !important;background-color: #f05c51 !important;}&#8221;][vc_custom_heading use_theme_fonts=&#8221;&#8221; text=&#8221;10-12 EYL\u00dcL 2021<br \/>\nKATILIM \u00dcCRETS\u0130Z&#8221; font_container=&#8221;tag:h2|font_size:36px|text_align:center|color:%23ffffff|line_height:40px&#8221; google_fonts=&#8221;font_family:Anonymous%20Pro%3Aregular%2Citalic%2C700%2C700italic|font_style:700%20bold%20regular%3A700%3Anormal&#8221; css=&#8221;.vc_custom_1623613127214{background-color: #f05c51 !important;}&#8221;][\/vc_column][\/vc_row][vc_row full_width=&#8221;stretch_row&#8221; shape_top_style=&#8221;default&#8221; shape_top_height=&#8221;100px&#8221; el_id=&#8221;about&#8221; css=&#8221;.vc_custom_1623060040467{padding-top: 10px !important;padding-bottom: 220px !important;background: #f9fbfc url(https:\/\/icnas2021.atauni.edu.tr\/wp-content\/uploads\/2019\/09\/contrans.jpg?id=231) !important;background-position: center !important;background-repeat: no-repeat !important;background-size: cover !important;}&#8221; el_class=&#8221;row_space_&#8221;][vc_column][vc_custom_heading text=&#8221;Sevgili meslekta\u015flar\u0131m,&#8221; font_container=&#8221;tag:h2|text_align:justify&#8221; css=&#8221;.vc_custom_1624344175887{margin-left: -105px !important;padding-top: 20px !important;padding-bottom: 20px !important;padding-left: 105px !important;background-image: url(https:\/\/icnas2021.atauni.edu.tr\/wp-content\/uploads\/2019\/09\/heading_bg.jpg?id=244) !important;background-position: 0 0 !important;background-repeat: no-repeat !important;}&#8221; el_class=&#8221;heading_with_img&#8221;][vc_column_text]<\/p>\n<div style=\"text-align: justify;\">\n<p><span style=\"color: #3366ff;\">\u201c<strong>1st INTERNATIONAL CONGRESS ON NATURAL SCIENCES<\/strong>\u201d <strong>(ICNAS-2021)<\/strong> 10-12 EYL\u00dcL 2021 tarihlerinde Erzurum, T\u00dcRK\u0130YE\u2019de \u00c7EVR\u0130M \u0130\u00c7\u0130 olarak d\u00fczenlenecektir. ICNAS-2021, Do\u011fa Bilimleri \u00a0temas\u0131yla \u00fc\u00e7 g\u00fcnl\u00fck bilimsel oturumlar, a\u00e7\u0131l\u0131\u015f konu\u015fmalar\u0131, s\u00f6zl\u00fc sunumlar\u0131n yan\u0131 s\u0131ra m\u00fckemmel a\u011f olu\u015fturma f\u0131rsatlar\u0131 sunmakt\u0131r. ICNAS-2021 uluslararas\u0131 akreditasyona sahip olup, ISBN\u2019li kongre kitab\u0131nda yay\u0131mlanan <strong>\u00f6zet ve tam metinleriniz do\u00e7entlik ba\u015fvurular\u0131 d\u00e2hil<\/strong>\u00a0t\u00fcm akademik kategorilerde kullan\u0131labilecektir.<\/span><\/p>\n<p><span style=\"color: #3366ff;\">Kongre dilleri: T\u00fcrk\u00e7e (t\u00fcm leh\u00e7eler) ve \u0130ngilizcedir.<\/span><\/p>\n<p><span style=\"color: #3366ff;\">\u00d6zet g\u00f6nderim i\u00e7in son tarih 1 Eyl\u00fcl 2021 olarak s\u0131n\u0131rlanm\u0131\u015ft\u0131r.<\/span><\/p>\n<p><span style=\"color: #3366ff;\">Kongreye kat\u0131l\u0131m\u0131 \u00fccretsizdir.<\/span><\/p>\n<p>&nbsp;<\/p>\n<p><span style=\"color: #3366ff;\">Kongre hakk\u0131nda detayl\u0131 bilgiler:<\/span><\/p>\n<ul>\n<li><span style=\"color: #3366ff;\"><em>Kongre, en az 5 \u00fclkeden konu\u015fmac\u0131, ara\u015ft\u0131rmac\u0131 ve akademisyenlerin kat\u0131l\u0131m\u0131 ile ger\u00e7ekle\u015ftirilecektir.<\/em><\/span><\/li>\n<li><span style=\"color: #3366ff;\"><em>\u201c<strong>1st INTERNATIONAL CONGRESS ON NATURAL SCIENCES<\/strong>\u201d uluslararas\u0131 akreditasyona sahip olacakt\u0131r.<\/em><\/span><\/li>\n<li><span style=\"color: #3366ff;\"><em>Nitelikli e\u011fitim i\u00e7ermekte olup s\u00fcrd\u00fcrebilir niteliktedir.<\/em><\/span><\/li>\n<li><span style=\"color: #3366ff;\"><em>Kongre \u00e7ok uluslu bilim kuruluna sahiptir.<\/em><\/span><\/li>\n<li><span style=\"color: #3366ff;\"><em>G\u00f6nderilen \u00f6zet metinler ve tam metinlerin birden fazla hakemin \u00f6n incelemesinden ge\u00e7irilerek kabul edilecektir.<\/em><\/span><\/li>\n<li><span style=\"color: #3366ff;\"><em>Kat\u0131l\u0131mc\u0131lar s\u0131n\u0131rl\u0131 say\u0131da olacakt\u0131r.<\/em><\/span><\/li>\n<li><span style=\"color: #3366ff;\"><em>Kongre fiziksel s\u00f6zl\u00fc sunumda oldu\u011fu gibi do\u00e7entlik, y\u00fckselme ve atama kriterlerini kar\u015f\u0131lamaktad\u0131r.<\/em><\/span><\/li>\n<li><span style=\"color: #3366ff;\"><em>Do\u00e7entlik:\u00a0\u00dcAK mevzuat\u0131na g\u00f6re kongre uluslararas\u0131 niteliktedir. \u00d6\u011fretim \u00fcyeli\u011fi\/\u00f6\u011fretim g\u00f6revlili\u011fi atamalar\u0131, do\u00e7entlik ve profes\u00f6rl\u00fck kadrolar\u0131na atamalarda esas al\u0131nan kriterlerin tamam\u0131n\u0131 kar\u015f\u0131lamaktad\u0131r.<\/em><\/span><\/li>\n<li><span style=\"color: #3366ff;\"><em>Kongre sonras\u0131nda, sunum yapan kat\u0131l\u0131mc\u0131lar\u0131m\u0131z\u0131n kat\u0131l\u0131m belgeleri PDF olarak kongre sonras\u0131nda e-posta ile g\u00f6nderilecektir.<\/em><\/span><\/li>\n<li><span style=\"color: #3366ff;\"><em>Sunum interaktif bir ortamda ger\u00e7ekle\u015fece\u011finden b\u00fct\u00fcn kat\u0131l\u0131mc\u0131lar etkile\u015fim halinde olacaklard\u0131r.<\/em><\/span><\/li>\n<\/ul>\n<p><span style=\"color: #3366ff;\">Y\u00d6K Y\u00fcr\u00fctme Kurulu, 13.05.2020 tarih ve 30 numaral\u0131 toplant\u0131s\u0131nda; lisans\u00fcst\u00fc tezler ile makale, kongre ve sempozyum bildirileri, kitap ve her t\u00fcrl\u00fc bilimsel yay\u0131nlar\u0131n takibinde \u00f6\u011fretim elemanlar\u0131 ile tezli lisans\u00fcst\u00fc \u00f6\u011fretim programlar\u0131na kay\u0131tl\u0131 \u00f6\u011frencilerin Open Researcher and Contributor ID (ORCID) numaras\u0131 kullanmalar\u0131n\u0131n zorunlu tutulmas\u0131 hususunda karar alm\u0131\u015ft\u0131r. Bu sebeple, \u00d6zet ve Tam metinlerinizi g\u00f6nderirken ORCID NO yaz\u0131lmas\u0131 zorunludur.<\/span><\/p>\n<p><span style=\"color: #3366ff;\"><strong>Herhangi bir sorunuz veya sorununuz varsa, l\u00fctfen bizimle ileti\u015fime ge\u00e7mekten \u00e7ekinmeyiniz.<\/strong><\/span><\/p>\n<p><span style=\"color: #3366ff;\"><strong>Sayg\u0131lar\u0131m\u0131zla;<\/strong><\/span><\/p>\n<p>&nbsp;<\/p>\n<p><span style=\"color: #3366ff;\">Kongre Ba\u015fkan\u0131: Do\u00e7. Dr. Bekir G\u00dcRBULAK<\/span><\/p>\n<p><span style=\"color: #3366ff;\">Genel Fizik Anabilim Dal\u0131<\/span><\/p>\n<p><span style=\"color: #3366ff;\">gurbulak@atauni.edu.tr<\/span><\/p>\n<p><span style=\"color: #3366ff;\">Atat\u00fcrk \u00dcniversitesi, Erzurum, T\u00dcRK\u0130YE<\/span><\/p>\n<p><span style=\"color: #3366ff;\">Kongre E\u015f Ba\u015fkan\u0131: Do\u00e7. Dr. Hakan \u00d6ZKAN<\/span><\/p>\n<p><span style=\"color: #3366ff;\">Gen M\u00fchendisli\u011fi Anabilim Dal\u0131<\/span><\/p>\n<p><span style=\"color: #3366ff;\">e-posta: hakanozkan@atauni.edu.tr<\/span><\/p>\n<p>&nbsp;<\/p>\n<p><span style=\"color: #3366ff;\">Ba\u015fkanlar:<\/span><\/p>\n<p><span style=\"color: #3366ff;\">Prof. Dr. \u00d6mer \u00c7OMAKLI: Onursal Ba\u015fkan: Atat\u00fcrk \u00dcniversitesi Rekt\u00f6r\u00fc<\/span><\/p>\n<p><span style=\"color: #3366ff;\">Do\u00e7. Dr. Bekir G\u00dcRBULAK: Ba\u015fkan, Atat\u00fcrk \u00dcniversitesi<\/span><\/p>\n<p><span style=\"color: #3366ff;\">Do\u00e7. Dr. Hakan \u00d6ZKAN: E\u015f Ba\u015fkan<\/span><\/p>\n<p><span style=\"color: #3366ff;\">Do\u00e7. Dr. Hakan \u00d6ZKAN: Genel Sekreter<\/span><\/p>\n<p><span style=\"color: #3366ff;\">Dr. \u00d6\u011fr. \u00dcyesi \u0130lham NASIRO\u011eLU:\u00a0Genel Sekreter Yard\u0131mc\u0131s\u0131<\/span><\/p>\n<p>&nbsp;<\/p>\n<\/div>\n<p>[\/vc_column_text][vc_empty_space][\/vc_column][vc_column width=&#8221;1\/4&#8243; el_class=&#8221;list_column&#8221;][\/vc_column][\/vc_row]<\/p>\n","protected":false},"excerpt":{"rendered":"<p>[vc_row full_width=&#8221;stretch_row&#8221; equal_height=&#8221;yes&#8221; content_placement=&#8221;middle&#8221; shape_top_height=&#8221;300px&#8221; shape_bottom_style=&#8221;wave_thin&#8221; css=&#8221;.vc_custom_1623097068646{padding-top: 210px !important;padding-bottom: 230px !important;background: #180250 url(https:\/\/icnas2021.atauni.edu.tr\/wp-content\/uploads\/2019\/09\/conferencebg-1.jpg?id=221) !important;background-position: center !important;background-repeat: no-repeat !important;background-size: cover !important;}&#8221;][vc_column width=&#8221;1\/2&#8243;][vc_custom_heading use_theme_fonts=&#8221;&#8221; responsive_font_size=&#8221;40px&#8221; responsive_line_height=&#8221;40px&#8221; text=&#8221;1st INTERNATIONAL CONGRESS ON NATURAL SCIENCES ATAT\u00dcRK UNIVERSITY, ERZURUM, TURKEY&#8221; font_container=&#8221;tag:h2|font_size:50px|text_align:left|color:%23ffffff|line_height:55px&#8221; google_fonts=&#8221;font_family:Montserrat%3Aregular%2C700|font_style:700%20bold%20regular%3A700%3Anormal&#8221;][vc_column_text]icnas@atauni.edu.tr[\/vc_column_text][\/vc_column][vc_column width=&#8221;1\/2&#8243; css=&#8221;.vc_custom_1570269262471{padding-bottom: 75px !important;padding-left: 80px !important;}&#8221; offset=&#8221;vc_hidden-sm vc_hidden-xs&#8221;][vc_custom_heading use_theme_fonts=&#8221;&#8221; text=&#8221;ICNAS-2021&#8243; font_container=&#8221;tag:h2|font_size:30px|text_align:center|color:%23ffffff|line_height:30px&#8221; google_fonts=&#8221;font_family:Anonymous%20Pro%3Aregular%2Citalic%2C700%2C700italic|font_style:700%20bold%20regular%3A700%3Anormal&#8221; css=&#8221;.vc_custom_1623133381432{margin-bottom: 0px !important;background-color: #f05c51 !important;}&#8221;][vc_custom_heading use_theme_fonts=&#8221;&#8221; text=&#8221;10-12 [&hellip;]<\/p>\n","protected":false},"author":1,"featured_media":0,"parent":0,"menu_order":0,"comment_status":"closed","ping_status":"closed","template":"","meta":{"footnotes":""},"class_list":["post-192","page","type-page","status-publish","hentry"],"_links":{"self":[{"href":"https:\/\/icnas2021.atauni.edu.tr\/index.php\/wp-json\/wp\/v2\/pages\/192","targetHints":{"allow":["GET"]}}],"collection":[{"href":"https:\/\/icnas2021.atauni.edu.tr\/index.php\/wp-json\/wp\/v2\/pages"}],"about":[{"href":"https:\/\/icnas2021.atauni.edu.tr\/index.php\/wp-json\/wp\/v2\/types\/page"}],"author":[{"embeddable":true,"href":"https:\/\/icnas2021.atauni.edu.tr\/index.php\/wp-json\/wp\/v2\/users\/1"}],"replies":[{"embeddable":true,"href":"https:\/\/icnas2021.atauni.edu.tr\/index.php\/wp-json\/wp\/v2\/comments?post=192"}],"version-history":[{"count":45,"href":"https:\/\/icnas2021.atauni.edu.tr\/index.php\/wp-json\/wp\/v2\/pages\/192\/revisions"}],"predecessor-version":[{"id":905,"href":"https:\/\/icnas2021.atauni.edu.tr\/index.php\/wp-json\/wp\/v2\/pages\/192\/revisions\/905"}],"wp:attachment":[{"href":"https:\/\/icnas2021.atauni.edu.tr\/index.php\/wp-json\/wp\/v2\/media?parent=192"}],"curies":[{"name":"wp","href":"https:\/\/api.w.org\/{rel}","templated":true}]}}